{"id":274,"date":"2023-11-03T14:08:08","date_gmt":"2023-11-03T14:08:08","guid":{"rendered":"https:\/\/im-einklang-erding.de\/?page_id=274"},"modified":"2024-10-07T14:29:44","modified_gmt":"2024-10-07T14:29:44","slug":"gesunder-babyschlaf","status":"publish","type":"page","link":"https:\/\/im-einklang-erding.de\/?page_id=274","title":{"rendered":"Gesunder Baby- und Kleinkindschlaf"},"content":{"rendered":"\t\t<div data-elementor-type=\"wp-page\" data-elementor-id=\"274\" class=\"elementor elementor-274\">\n\t\t\t\t<div class=\"elementor-element elementor-element-3bc50c0 e-flex e-con-boxed e-con e-parent\" data-id=\"3bc50c0\" data-element_type=\"container\" data-e-type=\"container\">\n\t\t\t\t\t<div class=\"e-con-inner\">\n\t\t\t\t<div class=\"elementor-element elementor-element-f8f85e5 elementor-widget elementor-widget-image\" data-id=\"f8f85e5\" data-element_type=\"widget\" data-e-type=\"widget\" data-widget_type=\"image.default\">\n\t\t\t\t<div class=\"elementor-widget-container\">\n\t\t\t\t\t\t\t\t\t\t\t\t\t\t\t<img fetchpriority=\"high\" decoding=\"async\" width=\"640\" height=\"427\" src=\"https:\/\/im-einklang-erding.de\/wp-content\/uploads\/2023\/11\/sleep-7847114_640.jpg\" class=\"attachment-medium_large size-medium_large wp-image-564\" alt=\"\" srcset=\"https:\/\/im-einklang-erding.de\/wp-content\/uploads\/2023\/11\/sleep-7847114_640.jpg 640w, https:\/\/im-einklang-erding.de\/wp-content\/uploads\/2023\/11\/sleep-7847114_640-300x200.jpg 300w\" sizes=\"(max-width: 640px) 100vw, 640px\" \/>\t\t\t\t\t\t\t\t\t\t\t\t\t\t\t<\/div>\n\t\t\t\t<\/div>\n\t\t\t\t\t<\/div>\n\t\t\t\t<\/div>\n\t\t<div class=\"elementor-element elementor-element-12595f6 e-flex e-con-boxed e-con e-parent\" data-id=\"12595f6\" data-element_type=\"container\" data-e-type=\"container\">\n\t\t\t\t\t<div class=\"e-con-inner\">\n\t\t\t\t<div class=\"elementor-element elementor-element-8d65260 elementor-widget elementor-widget-text-editor\" data-id=\"8d65260\" data-element_type=\"widget\" data-e-type=\"widget\" data-widget_type=\"text-editor.default\">\n\t\t\t\t<div class=\"elementor-widget-container\">\n\t\t\t\t\t\t\t\t\t<p>Kaum ein Thema besch\u00e4ftigt Eltern mehr. Gesunder Babyschlaf ist so wichtig &#8211; f\u00fcr die ganze Familie!<\/p><p>Wichtig vorab zu wissen: hier gibt es erst mal kein falsch oder richtig &#8211; nur ein vielleicht nicht passend f\u00fcr deine Familie.<\/p><p>Ich kann dich individuell beraten, wenn du eure Schlafsituation als nicht mehr passend f\u00fcr euch empfindest. Hier suchen wir gezielt nach M\u00f6glichkeiten, wie ihr eure bisherigen Rituale langsam und f\u00fcr euch passend ver\u00e4ndern \/ abwandeln k\u00f6nnt, damit sich alle wieder wohl f\u00fchlen.<\/p><p>Kontaktiere mich hierzu gerne.<\/p><p>\u00a0<\/p><p>\u00a0<\/p><p><span style=\"background-color: var(--wp--preset--color--background); color: var( --e-global-color-text ); font-family: var( --e-global-typography-text-font-family ), Sans-serif; font-size: var(--wp--preset--font-size--medium); font-weight: var( --e-global-typography-text-font-weight ); text-align: var(--text-align);\">In der vhs Erding biete ich au\u00dferdem regelm\u00e4\u00dfig Workshops zu dem Thema an.<\/span><\/p><p>In diesem Workshop m\u00f6chte ich euch viel wissenswerte Hintergrundinformationen und Tipps rund um gesunden Baby- und Kleinkindschlaf mitgeben. Wir sprechen \u00fcber Rituale, Alltagsgestaltung und individuelle M\u00f6glichkeiten und Wege zum entspannten Schlaf f\u00fcr euch als Familie.<\/p><p>Wichtig ist f\u00fcr mich vor allem, dass ihr erfahrt, dass es nicht nur den einen, richtigen Weg gibt, sondern dass jede Familie den f\u00fcr sich richtigen Weg nach ihren eigenen Bed\u00fcrfnissen und Vorstellungen suchen darf.<\/p>\t\t\t\t\t\t\t\t<\/div>\n\t\t\t\t<\/div>\n\t\t\t\t<div class=\"elementor-element elementor-element-a3b0001 elementor-align-center elementor-widget elementor-widget-button\" data-id=\"a3b0001\" data-element_type=\"widget\" data-e-type=\"widget\" data-widget_type=\"button.default\">\n\t\t\t\t<div class=\"elementor-widget-container\">\n\t\t\t\t\t\t\t\t\t<div class=\"elementor-button-wrapper\">\n\t\t\t\t\t<a class=\"elementor-button elementor-button-link elementor-size-sm\" href=\"https:\/\/www.vhs-erding.de\/suche?tx_itemkgconnect_search%5B__referrer%5D%5B%40extension%5D=&#038;tx_itemkgconnect_search%5B__referrer%5D%5B%40controller%5D=Standard&#038;tx_itemkgconnect_search%5B__referrer%5D%5B%40action%5D=default&#038;tx_itemkgconnect_search%5B__referrer%5D%5Barguments%5D=YTowOnt9bb6440284d86114ae8f06ceca05f3087a54b19a3&#038;tx_itemkgconnect_search%5B__referrer%5D%5B%40request%5D=%7B%22%40extension%22%3Anull%2C%22%40controller%22%3A%22Standard%22%2C%22%40action%22%3A%22default%22%7D812c8c542f1ed7ef67706fe377a36c45a3a589ba&#038;tx_itemkgconnect_search%5B__trustedProperties%5D=%7B%22sword%22%3A1%2C%22filters%22%3A%7B%22sort%22%3A%5B1%5D%2C%22reset%22%3A1%7D%7D29b6325eb7da486e1971cf282e63c337b073f2d8&#038;tx_itemkgconnect_search%5Bsword%5D=Gesunder+Baby-+und+Kleinkindschlaf&#038;tx_itemkgconnect_search%5Bfilters%5D%5Bsort%5D%5B%5D=__EMPTY__&#038;tx_itemkgconnect_search%5Bfilters%5D%5Breset%5D=1\" target=\"_blank\">\n\t\t\t\t\t\t<span class=\"elementor-button-content-wrapper\">\n\t\t\t\t\t\t\t\t\t<span class=\"elementor-button-text\">-&gt; f\u00fcr weitere Infos und zur Anmeldung bitte hier klicken<\/span>\n\t\t\t\t\t<\/span>\n\t\t\t\t\t<\/a>\n\t\t\t\t<\/div>\n\t\t\t\t\t\t\t\t<\/div>\n\t\t\t\t<\/div>\n\t\t\t\t\t<\/div>\n\t\t\t\t<\/div>\n\t\t<div class=\"elementor-element elementor-element-6fd6c6e e-flex e-con-boxed e-con e-parent\" data-id=\"6fd6c6e\" data-element_type=\"container\" data-e-type=\"container\">\n\t\t\t\t\t<div class=\"e-con-inner\">\n\t\t\t\t<div class=\"elementor-element elementor-element-1edf7a2 elementor-widget elementor-widget-spacer\" data-id=\"1edf7a2\" data-element_type=\"widget\" data-e-type=\"widget\" data-widget_type=\"spacer.default\">\n\t\t\t\t<div class=\"elementor-widget-container\">\n\t\t\t\t\t\t\t<div class=\"elementor-spacer\">\n\t\t\t<div class=\"elementor-spacer-inner\"><\/div>\n\t\t<\/div>\n\t\t\t\t\t\t<\/div>\n\t\t\t\t<\/div>\n\t\t\t\t<div class=\"elementor-element elementor-element-e2b9b40 elementor-widget elementor-widget-text-editor\" data-id=\"e2b9b40\" data-element_type=\"widget\" data-e-type=\"widget\" data-widget_type=\"text-editor.default\">\n\t\t\t\t<div class=\"elementor-widget-container\">\n\t\t\t\t\t\t\t\t\t<p>Wer in einer kleinen Gruppe bei sich zu Hause gerne mehr \u00fcber das Thema &#8222;gesunder Baby- und Kleinkindschlaf&#8220; wissen m\u00f6chte, kann sich gerne mit mir in Verbindung setzen und wir vereinbaren ganz individuell einen Termin.<\/p>\n<p>Auch online-Beratungen hierzu sind jederzeit m\u00f6glich.<\/p>\t\t\t\t\t\t\t\t<\/div>\n\t\t\t\t<\/div>\n\t\t\t\t\t<\/div>\n\t\t\t\t<\/div>\n\t\t\t\t<\/div>\n\t\t","protected":false},"excerpt":{"rendered":"<p>Kaum ein Thema besch\u00e4ftigt Eltern mehr. Gesunder Babyschlaf ist so wichtig &#8211; f\u00fcr die ganze Familie! Wichtig vorab zu wissen: hier gibt es erst mal kein falsch oder richtig &#8211; nur ein vielleicht nicht passend f\u00fcr deine Familie. Ich kann dich individuell beraten, wenn du eure Schlafsituation als nicht mehr passend f\u00fcr euch empfindest. Hier [&hellip;]<\/p>\n","protected":false},"author":1,"featured_media":0,"parent":0,"menu_order":0,"comment_status":"closed","ping_status":"closed","template":"","meta":{"footnotes":""},"class_list":["post-274","page","type-page","status-publish","hentry"],"_links":{"self":[{"href":"https:\/\/im-einklang-erding.de\/index.php?rest_route=\/wp\/v2\/pages\/274","targetHints":{"allow":["GET"]}}],"collection":[{"href":"https:\/\/im-einklang-erding.de\/index.php?rest_route=\/wp\/v2\/pages"}],"about":[{"href":"https:\/\/im-einklang-erding.de\/index.php?rest_route=\/wp\/v2\/types\/page"}],"author":[{"embeddable":true,"href":"https:\/\/im-einklang-erding.de\/index.php?rest_route=\/wp\/v2\/users\/1"}],"replies":[{"embeddable":true,"href":"https:\/\/im-einklang-erding.de\/index.php?rest_route=%2Fwp%2Fv2%2Fcomments&post=274"}],"version-history":[{"count":71,"href":"https:\/\/im-einklang-erding.de\/index.php?rest_route=\/wp\/v2\/pages\/274\/revisions"}],"predecessor-version":[{"id":1178,"href":"https:\/\/im-einklang-erding.de\/index.php?rest_route=\/wp\/v2\/pages\/274\/revisions\/1178"}],"wp:attachment":[{"href":"https:\/\/im-einklang-erding.de\/index.php?rest_route=%2Fwp%2Fv2%2Fmedia&parent=274"}],"curies":[{"name":"wp","href":"https:\/\/api.w.org\/{rel}","templated":true}]}}

<div data-elementor-type="wp-page" data-elementor-id="274" class="elementor elementor-274">
				<div class="elementor-element elementor-element-3bc50c0 e-flex e-con-boxed e-con e-parent" data-id="3bc50c0" data-element_type="container" data-e-type="container">
					<div class="e-con-inner">
				<div class="elementor-element elementor-element-f8f85e5 elementor-widget elementor-widget-image" data-id="f8f85e5" data-element_type="widget" data-e-type="widget" data-widget_type="image.default">
				<div class="elementor-widget-container">
															<img fetchpriority="high" decoding="async" width="640" height="427" src="https://im-einklang-erding.de/wp-content/uploads/2023/11/sleep-7847114_640.jpg" class="attachment-medium_large size-medium_large wp-image-564" alt="" srcset="https://im-einklang-erding.de/wp-content/uploads/2023/11/sleep-7847114_640.jpg 640w, https://im-einklang-erding.de/wp-content/uploads/2023/11/sleep-7847114_640-300x200.jpg 300w" sizes="(max-width: 640px) 100vw, 640px" />															</div>
				</div>
					</div>
				</div>
		<div class="elementor-element elementor-element-12595f6 e-flex e-con-boxed e-con e-parent" data-id="12595f6" data-element_type="container" data-e-type="container">
					<div class="e-con-inner">
				<div class="elementor-element elementor-element-8d65260 elementor-widget elementor-widget-text-editor" data-id="8d65260" data-element_type="widget" data-e-type="widget" data-widget_type="text-editor.default">
				<div class="elementor-widget-container">
									<p>Kaum ein Thema beschäftigt Eltern mehr. Gesunder Babyschlaf ist so wichtig &#8211; für die ganze Familie!</p><p>Wichtig vorab zu wissen: hier gibt es erst mal kein falsch oder richtig &#8211; nur ein vielleicht nicht passend für deine Familie.</p><p>Ich kann dich individuell beraten, wenn du eure Schlafsituation als nicht mehr passend für euch empfindest. Hier suchen wir gezielt nach Möglichkeiten, wie ihr eure bisherigen Rituale langsam und für euch passend verändern / abwandeln könnt, damit sich alle wieder wohl fühlen.</p><p>Kontaktiere mich hierzu gerne.</p><p> </p><p> </p><p><span style="background-color: var(--wp--preset--color--background); color: var( --e-global-color-text ); font-family: var( --e-global-typography-text-font-family ), Sans-serif; font-size: var(--wp--preset--font-size--medium); font-weight: var( --e-global-typography-text-font-weight ); text-align: var(--text-align);">In der vhs Erding biete ich außerdem regelmäßig Workshops zu dem Thema an.</span></p><p>In diesem Workshop möchte ich euch viel wissenswerte Hintergrundinformationen und Tipps rund um gesunden Baby- und Kleinkindschlaf mitgeben. Wir sprechen über Rituale, Alltagsgestaltung und individuelle Möglichkeiten und Wege zum entspannten Schlaf für euch als Familie.</p><p>Wichtig ist für mich vor allem, dass ihr erfahrt, dass es nicht nur den einen, richtigen Weg gibt, sondern dass jede Familie den für sich richtigen Weg nach ihren eigenen Bedürfnissen und Vorstellungen suchen darf.</p>								</div>
				</div>
				<div class="elementor-element elementor-element-a3b0001 elementor-align-center elementor-widget elementor-widget-button" data-id="a3b0001" data-element_type="widget" data-e-type="widget" data-widget_type="button.default">
				<div class="elementor-widget-container">
									<div class="elementor-button-wrapper">
					<a class="elementor-button elementor-button-link elementor-size-sm" href="https://www.vhs-erding.de/suche?tx_itemkgconnect_search%5B__referrer%5D%5B%40extension%5D=&#038;tx_itemkgconnect_search%5B__referrer%5D%5B%40controller%5D=Standard&#038;tx_itemkgconnect_search%5B__referrer%5D%5B%40action%5D=default&#038;tx_itemkgconnect_search%5B__referrer%5D%5Barguments%5D=YTowOnt9bb6440284d86114ae8f06ceca05f3087a54b19a3&#038;tx_itemkgconnect_search%5B__referrer%5D%5B%40request%5D=%7B%22%40extension%22%3Anull%2C%22%40controller%22%3A%22Standard%22%2C%22%40action%22%3A%22default%22%7D812c8c542f1ed7ef67706fe377a36c45a3a589ba&#038;tx_itemkgconnect_search%5B__trustedProperties%5D=%7B%22sword%22%3A1%2C%22filters%22%3A%7B%22sort%22%3A%5B1%5D%2C%22reset%22%3A1%7D%7D29b6325eb7da486e1971cf282e63c337b073f2d8&#038;tx_itemkgconnect_search%5Bsword%5D=Gesunder+Baby-+und+Kleinkindschlaf&#038;tx_itemkgconnect_search%5Bfilters%5D%5Bsort%5D%5B%5D=__EMPTY__&#038;tx_itemkgconnect_search%5Bfilters%5D%5Breset%5D=1" target="_blank">
						<span class="elementor-button-content-wrapper">
									<span class="elementor-button-text">-&gt; für weitere Infos und zur Anmeldung bitte hier klicken</span>
					</span>
					</a>
				</div>
								</div>
				</div>
					</div>
				</div>
		<div class="elementor-element elementor-element-6fd6c6e e-flex e-con-boxed e-con e-parent" data-id="6fd6c6e" data-element_type="container" data-e-type="container">
					<div class="e-con-inner">
				<div class="elementor-element elementor-element-1edf7a2 elementor-widget elementor-widget-spacer" data-id="1edf7a2" data-element_type="widget" data-e-type="widget" data-widget_type="spacer.default">
				<div class="elementor-widget-container">
							<div class="elementor-spacer">
			<div class="elementor-spacer-inner"></div>
		</div>
						</div>
				</div>
				<div class="elementor-element elementor-element-e2b9b40 elementor-widget elementor-widget-text-editor" data-id="e2b9b40" data-element_type="widget" data-e-type="widget" data-widget_type="text-editor.default">
				<div class="elementor-widget-container">
									<p>Wer in einer kleinen Gruppe bei sich zu Hause gerne mehr über das Thema &#8222;gesunder Baby- und Kleinkindschlaf&#8220; wissen möchte, kann sich gerne mit mir in Verbindung setzen und wir vereinbaren ganz individuell einen Termin.</p>
<p>Auch online-Beratungen hierzu sind jederzeit möglich.</p>								</div>
				</div>
					</div>
				</div>
				</div>

<p>Kaum ein Thema beschäftigt Eltern mehr. Gesunder Babyschlaf ist so wichtig &#8211; für die ganze Familie! Wichtig vorab zu wissen: hier gibt es erst mal kein falsch oder richtig &#8211; nur ein vielleicht nicht passend für deine Familie. Ich kann dich individuell beraten, wenn du eure Schlafsituation als nicht mehr passend für euch empfindest. Hier [&hellip;]</p>
