{"id":245,"date":"2023-10-30T18:11:16","date_gmt":"2023-10-30T18:11:16","guid":{"rendered":"https:\/\/im-einklang-erding.de\/?page_id=245"},"modified":"2026-03-25T13:05:07","modified_gmt":"2026-03-25T13:05:07","slug":"sample-page","status":"publish","type":"page","link":"https:\/\/im-einklang-erding.de\/?page_id=245","title":{"rendered":"Beckenboden-Workshop &#8222;Men&#8217;s only&#8220;"},"content":{"rendered":"\t\t<div data-elementor-type=\"wp-page\" data-elementor-id=\"245\" class=\"elementor elementor-245\">\n\t\t\t\t<div class=\"elementor-element elementor-element-794eee2 e-flex e-con-boxed e-con e-parent\" data-id=\"794eee2\" data-element_type=\"container\" data-e-type=\"container\">\n\t\t\t\t\t<div class=\"e-con-inner\">\n\t\t\t\t<div class=\"elementor-element elementor-element-81c4538 elementor-widget elementor-widget-text-editor\" data-id=\"81c4538\" data-element_type=\"widget\" data-e-type=\"widget\" data-widget_type=\"text-editor.default\">\n\t\t\t\t<div class=\"elementor-widget-container\">\n\t\t\t\t\t\t\t\t\t<p>In meinem Workshop m\u00f6chte ich euch M\u00e4nner mit eurem Beckenboden bekannt und vertraut machen. Egal, wie alt oder jung, ob noch alles fit ist oder ob bereits Probleme vorhanden sind (Inkontinenz, vor oder nach Prostata-OP) &#8211; hier seid ihr richtig, um in das Thema schon mal etwas rein zu schnuppern.<\/p>\n<p>Und JA \u2013 auch M\u00e4nner haben einen Beckenboden!!<\/p>\n<p>Ihr erfahrt grundlegendes Wissen \u00fcber euren Beckenboden, dessen Funktionen, wie ihr ihn wahrnehmen und ansteuern k\u00f6nnt und was ihr hier im Alltag einfach schon Gutes f\u00fcr euch und euren Beckenboden tun k\u00f6nnt.<\/p>\n<p>Beckenbodentraining hilft euch, euren Beckenboden funktionst\u00fcchtig zu erhalten oder dessen Funktionst\u00fcchtigkeit wieder zu erlangen.<\/p>\n<p><\/p>\n<p>Bitte kl\u00e4rt bei bereits bestehenden Problemen mit eurem Arzt ab, ob der Workshop eventuell f\u00fcr euch nicht angeraten ist, bzw. auf was ihr bei Bedarf achten solltet.<\/p>\t\t\t\t\t\t\t\t<\/div>\n\t\t\t\t<\/div>\n\t\t\t\t\t<\/div>\n\t\t\t\t<\/div>\n\t\t<div class=\"elementor-element elementor-element-a393dd0 e-flex e-con-boxed e-con e-parent\" data-id=\"a393dd0\" data-element_type=\"container\" data-e-type=\"container\">\n\t\t\t\t\t<div class=\"e-con-inner\">\n\t\t\t\t<div class=\"elementor-element elementor-element-6332959 elementor-widget elementor-widget-text-editor\" data-id=\"6332959\" data-element_type=\"widget\" data-e-type=\"widget\" data-widget_type=\"text-editor.default\">\n\t\t\t\t<div class=\"elementor-widget-container\">\n\t\t\t\t\t\t\t\t\t<p>Diesen Workshop biete ich regelm\u00e4\u00dfig im Studio &#8222;Fitness am Buchrain&#8220; an:<\/p>\t\t\t\t\t\t\t\t<\/div>\n\t\t\t\t<\/div>\n\t\t\t\t\t<\/div>\n\t\t\t\t<\/div>\n\t\t<div class=\"elementor-element elementor-element-d9a526d e-flex e-con-boxed e-con e-parent\" data-id=\"d9a526d\" data-element_type=\"container\" data-e-type=\"container\">\n\t\t\t\t\t<div class=\"e-con-inner\">\n\t\t\t\t<div class=\"elementor-element elementor-element-41c4d08 elementor-align-center elementor-widget elementor-widget-button\" data-id=\"41c4d08\" data-element_type=\"widget\" data-e-type=\"widget\" data-widget_type=\"button.default\">\n\t\t\t\t<div class=\"elementor-widget-container\">\n\t\t\t\t\t\t\t\t\t<div class=\"elementor-button-wrapper\">\n\t\t\t\t\t<a class=\"elementor-button elementor-button-link elementor-size-sm\" href=\"https:\/\/www.fitness-am-buchrain.de\/\">\n\t\t\t\t\t\t<span class=\"elementor-button-content-wrapper\">\n\t\t\t\t\t\t\t\t\t<span class=\"elementor-button-text\">-&gt; f\u00fcr mehr Infos zum Studio bitte hier klicken<\/span>\n\t\t\t\t\t<\/span>\n\t\t\t\t\t<\/a>\n\t\t\t\t<\/div>\n\t\t\t\t\t\t\t\t<\/div>\n\t\t\t\t<\/div>\n\t\t\t\t\t<\/div>\n\t\t\t\t<\/div>\n\t\t<div class=\"elementor-element elementor-element-a894d10 e-flex e-con-boxed e-con e-parent\" data-id=\"a894d10\" data-element_type=\"container\" data-e-type=\"container\">\n\t\t\t\t\t<div class=\"e-con-inner\">\n\t\t\t\t<div class=\"elementor-element elementor-element-95932b3 elementor-align-center elementor-widget elementor-widget-button\" data-id=\"95932b3\" data-element_type=\"widget\" data-e-type=\"widget\" data-widget_type=\"button.default\">\n\t\t\t\t<div class=\"elementor-widget-container\">\n\t\t\t\t\t\t\t\t\t<div class=\"elementor-button-wrapper\">\n\t\t\t\t\t<a class=\"elementor-button elementor-button-link elementor-size-sm\" href=\"https:\/\/im-einklang-erding.de\/?page_id=60\">\n\t\t\t\t\t\t<span class=\"elementor-button-content-wrapper\">\n\t\t\t\t\t\t\t\t\t<span class=\"elementor-button-text\">-&gt; zur Anmeldung bitte hier klicken<\/span>\n\t\t\t\t\t<\/span>\n\t\t\t\t\t<\/a>\n\t\t\t\t<\/div>\n\t\t\t\t\t\t\t\t<\/div>\n\t\t\t\t<\/div>\n\t\t\t\t\t<\/div>\n\t\t\t\t<\/div>\n\t\t<div class=\"elementor-element elementor-element-ed19809 e-flex e-con-boxed e-con e-parent\" data-id=\"ed19809\" data-element_type=\"container\" data-e-type=\"container\">\n\t\t\t\t\t<div class=\"e-con-inner\">\n\t\t\t\t<div class=\"elementor-element elementor-element-759fcc7 elementor-widget elementor-widget-text-editor\" data-id=\"759fcc7\" data-element_type=\"widget\" data-e-type=\"widget\" data-widget_type=\"text-editor.default\">\n\t\t\t\t<div class=\"elementor-widget-container\">\n\t\t\t\t\t\t\t\t\t<p>Seit September 2025 auch in der Familienpraxis Ines Sigl in T\u00f6ging:<\/p>\t\t\t\t\t\t\t\t<\/div>\n\t\t\t\t<\/div>\n\t\t\t\t\t<\/div>\n\t\t\t\t<\/div>\n\t\t<div class=\"elementor-element elementor-element-36281ed e-flex e-con-boxed e-con e-parent\" data-id=\"36281ed\" data-element_type=\"container\" data-e-type=\"container\">\n\t\t\t\t\t<div class=\"e-con-inner\">\n\t\t\t\t<div class=\"elementor-element elementor-element-a08ebff elementor-align-center elementor-widget elementor-widget-button\" data-id=\"a08ebff\" data-element_type=\"widget\" data-e-type=\"widget\" data-widget_type=\"button.default\">\n\t\t\t\t<div class=\"elementor-widget-container\">\n\t\t\t\t\t\t\t\t\t<div class=\"elementor-button-wrapper\">\n\t\t\t\t\t<a class=\"elementor-button elementor-button-link elementor-size-sm\" href=\"https:\/\/im-einklang-erding.de\/?page_id=1276\" target=\"_blank\">\n\t\t\t\t\t\t<span class=\"elementor-button-content-wrapper\">\n\t\t\t\t\t\t\t\t\t<span class=\"elementor-button-text\">-&gt; f\u00fcr weitere Infos zu den Terminen hier klicken<\/span>\n\t\t\t\t\t<\/span>\n\t\t\t\t\t<\/a>\n\t\t\t\t<\/div>\n\t\t\t\t\t\t\t\t<\/div>\n\t\t\t\t<\/div>\n\t\t\t\t\t<\/div>\n\t\t\t\t<\/div>\n\t\t<div class=\"elementor-element elementor-element-f0f72d0 e-flex e-con-boxed e-con e-parent\" data-id=\"f0f72d0\" data-element_type=\"container\" data-e-type=\"container\">\n\t\t\t\t\t<div class=\"e-con-inner\">\n\t\t\t\t<div class=\"elementor-element elementor-element-2bd7262 elementor-widget elementor-widget-text-editor\" data-id=\"2bd7262\" data-element_type=\"widget\" data-e-type=\"widget\" data-widget_type=\"text-editor.default\">\n\t\t\t\t<div class=\"elementor-widget-container\">\n\t\t\t\t\t\t\t\t\t<p>Au\u00dferdem findet ihr den Workshop auch bei der vhs Erding:<\/p>\t\t\t\t\t\t\t\t<\/div>\n\t\t\t\t<\/div>\n\t\t\t\t\t<\/div>\n\t\t\t\t<\/div>\n\t\t<div class=\"elementor-element elementor-element-29a3fbb e-flex e-con-boxed e-con e-parent\" data-id=\"29a3fbb\" data-element_type=\"container\" data-e-type=\"container\">\n\t\t\t\t\t<div class=\"e-con-inner\">\n\t\t\t\t<div class=\"elementor-element elementor-element-3a0fd94 elementor-align-center elementor-widget elementor-widget-button\" data-id=\"3a0fd94\" data-element_type=\"widget\" data-e-type=\"widget\" data-widget_type=\"button.default\">\n\t\t\t\t<div class=\"elementor-widget-container\">\n\t\t\t\t\t\t\t\t\t<div class=\"elementor-button-wrapper\">\n\t\t\t\t\t<a class=\"elementor-button elementor-button-link elementor-size-sm\" href=\"https:\/\/www.vhs-erding.de\/suche?tx_itemkgconnect_search%5B__referrer%5D%5B%40extension%5D=&#038;tx_itemkgconnect_search%5B__referrer%5D%5B%40controller%5D=Standard&#038;tx_itemkgconnect_search%5B__referrer%5D%5B%40action%5D=default&#038;tx_itemkgconnect_search%5B__referrer%5D%5Barguments%5D=YTowOnt9bb6440284d86114ae8f06ceca05f3087a54b19a3&#038;tx_itemkgconnect_search%5B__referrer%5D%5B%40request%5D=%7B%22%40extension%22%3Anull%2C%22%40controller%22%3A%22Standard%22%2C%22%40action%22%3A%22default%22%7D812c8c542f1ed7ef67706fe377a36c45a3a589ba&#038;tx_itemkgconnect_search%5B__trustedProperties%5D=%7B%22sword%22%3A1%2C%22filters%22%3A%7B%22sort%22%3A%5B1%5D%2C%22reset%22%3A1%7D%7D29b6325eb7da486e1971cf282e63c337b073f2d8&#038;tx_itemkgconnect_search%5Bsword%5D=beckenboden+Workshop&#038;tx_itemkgconnect_search%5Bfilters%5D%5Bsort%5D%5B%5D=__EMPTY__&#038;tx_itemkgconnect_search%5Bfilters%5D%5Breset%5D=1\" target=\"_blank\">\n\t\t\t\t\t\t<span class=\"elementor-button-content-wrapper\">\n\t\t\t\t\t\t\t\t\t<span class=\"elementor-button-text\">-&gt; f\u00fcr weitere Infos und zur Anmeldung bitte hier klicken<\/span>\n\t\t\t\t\t<\/span>\n\t\t\t\t\t<\/a>\n\t\t\t\t<\/div>\n\t\t\t\t\t\t\t\t<\/div>\n\t\t\t\t<\/div>\n\t\t\t\t\t<\/div>\n\t\t\t\t<\/div>\n\t\t<div class=\"elementor-element elementor-element-cb20182 e-flex e-con-boxed e-con e-parent\" data-id=\"cb20182\" data-element_type=\"container\" data-e-type=\"container\">\n\t\t\t\t\t<div class=\"e-con-inner\">\n\t\t\t\t<div class=\"elementor-element elementor-element-c75da6b elementor-widget elementor-widget-text-editor\" data-id=\"c75da6b\" data-element_type=\"widget\" data-e-type=\"widget\" data-widget_type=\"text-editor.default\">\n\t\t\t\t<div class=\"elementor-widget-container\">\n\t\t\t\t\t\t\t\t\t<p>Wer \u00fcber den Workshop hinaus gerne weiterhin dran bleiben und hier etwas f\u00fcr sich und seinen Beckenboden tun m\u00f6chte, kann in meinem Kurs in Buch am Buchrain dabei sein &#8211; denn wie jeder andere Muskel in unserem K\u00f6rper, braucht auch unser Beckenboden regelm\u00e4\u00dfiges Training, um fit und stark zu bleiben.<\/p>\t\t\t\t\t\t\t\t<\/div>\n\t\t\t\t<\/div>\n\t\t\t\t\t<\/div>\n\t\t\t\t<\/div>\n\t\t<div class=\"elementor-element elementor-element-7898731 e-flex e-con-boxed e-con e-parent\" data-id=\"7898731\" data-element_type=\"container\" data-e-type=\"container\">\n\t\t\t\t\t<div class=\"e-con-inner\">\n\t\t\t\t<div class=\"elementor-element elementor-element-79ee2bf elementor-align-center elementor-widget elementor-widget-button\" data-id=\"79ee2bf\" data-element_type=\"widget\" data-e-type=\"widget\" data-widget_type=\"button.default\">\n\t\t\t\t<div class=\"elementor-widget-container\">\n\t\t\t\t\t\t\t\t\t<div class=\"elementor-button-wrapper\">\n\t\t\t\t\t<a class=\"elementor-button elementor-button-link elementor-size-sm\" href=\"https:\/\/im-einklang-erding.de\/?page_id=894\" target=\"_blank\">\n\t\t\t\t\t\t<span class=\"elementor-button-content-wrapper\">\n\t\t\t\t\t\t\t\t\t<span class=\"elementor-button-text\">-&gt; zum Kurs \"starke Mitte &amp; Mann sein\" - bitte hier klicken<\/span>\n\t\t\t\t\t<\/span>\n\t\t\t\t\t<\/a>\n\t\t\t\t<\/div>\n\t\t\t\t\t\t\t\t<\/div>\n\t\t\t\t<\/div>\n\t\t\t\t\t<\/div>\n\t\t\t\t<\/div>\n\t\t\t\t<\/div>\n\t\t","protected":false},"excerpt":{"rendered":"<p>In meinem Workshop m\u00f6chte ich euch M\u00e4nner mit eurem Beckenboden bekannt und vertraut machen. Egal, wie alt oder jung, ob noch alles fit ist oder ob bereits Probleme vorhanden sind (Inkontinenz, vor oder nach Prostata-OP) &#8211; hier seid ihr richtig, um in das Thema schon mal etwas rein zu schnuppern. Und JA \u2013 auch M\u00e4nner [&hellip;]<\/p>\n","protected":false},"author":1,"featured_media":0,"parent":0,"menu_order":5,"comment_status":"closed","ping_status":"closed","template":"","meta":{"footnotes":""},"class_list":["post-245","page","type-page","status-publish","hentry"],"_links":{"self":[{"href":"https:\/\/im-einklang-erding.de\/index.php?rest_route=\/wp\/v2\/pages\/245","targetHints":{"allow":["GET"]}}],"collection":[{"href":"https:\/\/im-einklang-erding.de\/index.php?rest_route=\/wp\/v2\/pages"}],"about":[{"href":"https:\/\/im-einklang-erding.de\/index.php?rest_route=\/wp\/v2\/types\/page"}],"author":[{"embeddable":true,"href":"https:\/\/im-einklang-erding.de\/index.php?rest_route=\/wp\/v2\/users\/1"}],"replies":[{"embeddable":true,"href":"https:\/\/im-einklang-erding.de\/index.php?rest_route=%2Fwp%2Fv2%2Fcomments&post=245"}],"version-history":[{"count":95,"href":"https:\/\/im-einklang-erding.de\/index.php?rest_route=\/wp\/v2\/pages\/245\/revisions"}],"predecessor-version":[{"id":1847,"href":"https:\/\/im-einklang-erding.de\/index.php?rest_route=\/wp\/v2\/pages\/245\/revisions\/1847"}],"wp:attachment":[{"href":"https:\/\/im-einklang-erding.de\/index.php?rest_route=%2Fwp%2Fv2%2Fmedia&parent=245"}],"curies":[{"name":"wp","href":"https:\/\/api.w.org\/{rel}","templated":true}]}}

<div data-elementor-type="wp-page" data-elementor-id="245" class="elementor elementor-245">
				<div class="elementor-element elementor-element-794eee2 e-flex e-con-boxed e-con e-parent" data-id="794eee2" data-element_type="container" data-e-type="container">
					<div class="e-con-inner">
				<div class="elementor-element elementor-element-81c4538 elementor-widget elementor-widget-text-editor" data-id="81c4538" data-element_type="widget" data-e-type="widget" data-widget_type="text-editor.default">
				<div class="elementor-widget-container">
									<p>In meinem Workshop möchte ich euch Männer mit eurem Beckenboden bekannt und vertraut machen. Egal, wie alt oder jung, ob noch alles fit ist oder ob bereits Probleme vorhanden sind (Inkontinenz, vor oder nach Prostata-OP) &#8211; hier seid ihr richtig, um in das Thema schon mal etwas rein zu schnuppern.</p>
<p>Und JA – auch Männer haben einen Beckenboden!!</p>
<p>Ihr erfahrt grundlegendes Wissen über euren Beckenboden, dessen Funktionen, wie ihr ihn wahrnehmen und ansteuern könnt und was ihr hier im Alltag einfach schon Gutes für euch und euren Beckenboden tun könnt.</p>
<p>Beckenbodentraining hilft euch, euren Beckenboden funktionstüchtig zu erhalten oder dessen Funktionstüchtigkeit wieder zu erlangen.</p>
<p></p>
<p>Bitte klärt bei bereits bestehenden Problemen mit eurem Arzt ab, ob der Workshop eventuell für euch nicht angeraten ist, bzw. auf was ihr bei Bedarf achten solltet.</p>								</div>
				</div>
					</div>
				</div>
		<div class="elementor-element elementor-element-a393dd0 e-flex e-con-boxed e-con e-parent" data-id="a393dd0" data-element_type="container" data-e-type="container">
					<div class="e-con-inner">
				<div class="elementor-element elementor-element-6332959 elementor-widget elementor-widget-text-editor" data-id="6332959" data-element_type="widget" data-e-type="widget" data-widget_type="text-editor.default">
				<div class="elementor-widget-container">
									<p>Diesen Workshop biete ich regelmäßig im Studio &#8222;Fitness am Buchrain&#8220; an:</p>								</div>
				</div>
					</div>
				</div>
		<div class="elementor-element elementor-element-d9a526d e-flex e-con-boxed e-con e-parent" data-id="d9a526d" data-element_type="container" data-e-type="container">
					<div class="e-con-inner">
				<div class="elementor-element elementor-element-41c4d08 elementor-align-center elementor-widget elementor-widget-button" data-id="41c4d08" data-element_type="widget" data-e-type="widget" data-widget_type="button.default">
				<div class="elementor-widget-container">
									<div class="elementor-button-wrapper">
					<a class="elementor-button elementor-button-link elementor-size-sm" href="https://www.fitness-am-buchrain.de/">
						<span class="elementor-button-content-wrapper">
									<span class="elementor-button-text">-&gt; für mehr Infos zum Studio bitte hier klicken</span>
					</span>
					</a>
				</div>
								</div>
				</div>
					</div>
				</div>
		<div class="elementor-element elementor-element-a894d10 e-flex e-con-boxed e-con e-parent" data-id="a894d10" data-element_type="container" data-e-type="container">
					<div class="e-con-inner">
				<div class="elementor-element elementor-element-95932b3 elementor-align-center elementor-widget elementor-widget-button" data-id="95932b3" data-element_type="widget" data-e-type="widget" data-widget_type="button.default">
				<div class="elementor-widget-container">
									<div class="elementor-button-wrapper">
					<a class="elementor-button elementor-button-link elementor-size-sm" href="https://im-einklang-erding.de/?page_id=60">
						<span class="elementor-button-content-wrapper">
									<span class="elementor-button-text">-&gt; zur Anmeldung bitte hier klicken</span>
					</span>
					</a>
				</div>
								</div>
				</div>
					</div>
				</div>
		<div class="elementor-element elementor-element-ed19809 e-flex e-con-boxed e-con e-parent" data-id="ed19809" data-element_type="container" data-e-type="container">
					<div class="e-con-inner">
				<div class="elementor-element elementor-element-759fcc7 elementor-widget elementor-widget-text-editor" data-id="759fcc7" data-element_type="widget" data-e-type="widget" data-widget_type="text-editor.default">
				<div class="elementor-widget-container">
									<p>Seit September 2025 auch in der Familienpraxis Ines Sigl in Töging:</p>								</div>
				</div>
					</div>
				</div>
		<div class="elementor-element elementor-element-36281ed e-flex e-con-boxed e-con e-parent" data-id="36281ed" data-element_type="container" data-e-type="container">
					<div class="e-con-inner">
				<div class="elementor-element elementor-element-a08ebff elementor-align-center elementor-widget elementor-widget-button" data-id="a08ebff" data-element_type="widget" data-e-type="widget" data-widget_type="button.default">
				<div class="elementor-widget-container">
									<div class="elementor-button-wrapper">
					<a class="elementor-button elementor-button-link elementor-size-sm" href="https://im-einklang-erding.de/?page_id=1276" target="_blank">
						<span class="elementor-button-content-wrapper">
									<span class="elementor-button-text">-&gt; für weitere Infos zu den Terminen hier klicken</span>
					</span>
					</a>
				</div>
								</div>
				</div>
					</div>
				</div>
		<div class="elementor-element elementor-element-f0f72d0 e-flex e-con-boxed e-con e-parent" data-id="f0f72d0" data-element_type="container" data-e-type="container">
					<div class="e-con-inner">
				<div class="elementor-element elementor-element-2bd7262 elementor-widget elementor-widget-text-editor" data-id="2bd7262" data-element_type="widget" data-e-type="widget" data-widget_type="text-editor.default">
				<div class="elementor-widget-container">
									<p>Außerdem findet ihr den Workshop auch bei der vhs Erding:</p>								</div>
				</div>
					</div>
				</div>
		<div class="elementor-element elementor-element-29a3fbb e-flex e-con-boxed e-con e-parent" data-id="29a3fbb" data-element_type="container" data-e-type="container">
					<div class="e-con-inner">
				<div class="elementor-element elementor-element-3a0fd94 elementor-align-center elementor-widget elementor-widget-button" data-id="3a0fd94" data-element_type="widget" data-e-type="widget" data-widget_type="button.default">
				<div class="elementor-widget-container">
									<div class="elementor-button-wrapper">
					<a class="elementor-button elementor-button-link elementor-size-sm" href="https://www.vhs-erding.de/suche?tx_itemkgconnect_search%5B__referrer%5D%5B%40extension%5D=&#038;tx_itemkgconnect_search%5B__referrer%5D%5B%40controller%5D=Standard&#038;tx_itemkgconnect_search%5B__referrer%5D%5B%40action%5D=default&#038;tx_itemkgconnect_search%5B__referrer%5D%5Barguments%5D=YTowOnt9bb6440284d86114ae8f06ceca05f3087a54b19a3&#038;tx_itemkgconnect_search%5B__referrer%5D%5B%40request%5D=%7B%22%40extension%22%3Anull%2C%22%40controller%22%3A%22Standard%22%2C%22%40action%22%3A%22default%22%7D812c8c542f1ed7ef67706fe377a36c45a3a589ba&#038;tx_itemkgconnect_search%5B__trustedProperties%5D=%7B%22sword%22%3A1%2C%22filters%22%3A%7B%22sort%22%3A%5B1%5D%2C%22reset%22%3A1%7D%7D29b6325eb7da486e1971cf282e63c337b073f2d8&#038;tx_itemkgconnect_search%5Bsword%5D=beckenboden+Workshop&#038;tx_itemkgconnect_search%5Bfilters%5D%5Bsort%5D%5B%5D=__EMPTY__&#038;tx_itemkgconnect_search%5Bfilters%5D%5Breset%5D=1" target="_blank">
						<span class="elementor-button-content-wrapper">
									<span class="elementor-button-text">-&gt; für weitere Infos und zur Anmeldung bitte hier klicken</span>
					</span>
					</a>
				</div>
								</div>
				</div>
					</div>
				</div>
		<div class="elementor-element elementor-element-cb20182 e-flex e-con-boxed e-con e-parent" data-id="cb20182" data-element_type="container" data-e-type="container">
					<div class="e-con-inner">
				<div class="elementor-element elementor-element-c75da6b elementor-widget elementor-widget-text-editor" data-id="c75da6b" data-element_type="widget" data-e-type="widget" data-widget_type="text-editor.default">
				<div class="elementor-widget-container">
									<p>Wer über den Workshop hinaus gerne weiterhin dran bleiben und hier etwas für sich und seinen Beckenboden tun möchte, kann in meinem Kurs in Buch am Buchrain dabei sein &#8211; denn wie jeder andere Muskel in unserem Körper, braucht auch unser Beckenboden regelmäßiges Training, um fit und stark zu bleiben.</p>								</div>
				</div>
					</div>
				</div>
		<div class="elementor-element elementor-element-7898731 e-flex e-con-boxed e-con e-parent" data-id="7898731" data-element_type="container" data-e-type="container">
					<div class="e-con-inner">
				<div class="elementor-element elementor-element-79ee2bf elementor-align-center elementor-widget elementor-widget-button" data-id="79ee2bf" data-element_type="widget" data-e-type="widget" data-widget_type="button.default">
				<div class="elementor-widget-container">
									<div class="elementor-button-wrapper">
					<a class="elementor-button elementor-button-link elementor-size-sm" href="https://im-einklang-erding.de/?page_id=894" target="_blank">
						<span class="elementor-button-content-wrapper">
									<span class="elementor-button-text">-&gt; zum Kurs "starke Mitte &amp; Mann sein" - bitte hier klicken</span>
					</span>
					</a>
				</div>
								</div>
				</div>
					</div>
				</div>
				</div>

<p>In meinem Workshop möchte ich euch Männer mit eurem Beckenboden bekannt und vertraut machen. Egal, wie alt oder jung, ob noch alles fit ist oder ob bereits Probleme vorhanden sind (Inkontinenz, vor oder nach Prostata-OP) &#8211; hier seid ihr richtig, um in das Thema schon mal etwas rein zu schnuppern. Und JA – auch Männer [&hellip;]</p>
