{"id":214,"date":"2023-10-30T18:11:49","date_gmt":"2023-10-30T18:11:49","guid":{"rendered":"https:\/\/im-einklang-erding.de\/?page_id=214"},"modified":"2026-03-25T12:03:55","modified_gmt":"2026-03-25T12:03:55","slug":"sample-page-5","status":"publish","type":"page","link":"https:\/\/im-einklang-erding.de\/?page_id=214","title":{"rendered":"Beratung und Begleitung vor und nach der Geburt"},"content":{"rendered":"\t\t<div data-elementor-type=\"wp-page\" data-elementor-id=\"214\" class=\"elementor elementor-214\">\n\t\t\t\t<div class=\"elementor-element elementor-element-42e497a e-flex e-con-boxed e-con e-parent\" data-id=\"42e497a\" data-element_type=\"container\" data-e-type=\"container\">\n\t\t\t\t\t<div class=\"e-con-inner\">\n\t\t\t\t<div class=\"elementor-element elementor-element-a62d9b9 elementor-widget elementor-widget-heading\" data-id=\"a62d9b9\" data-element_type=\"widget\" data-e-type=\"widget\" data-widget_type=\"heading.default\">\n\t\t\t\t<div class=\"elementor-widget-container\">\n\t\t\t\t\t<h3 class=\"elementor-heading-title elementor-size-default\">Schwangerschaft und Wochenbett mit Baby im Einklang<\/h3>\t\t\t\t<\/div>\n\t\t\t\t<\/div>\n\t\t\t\t\t<\/div>\n\t\t\t\t<\/div>\n\t\t<div class=\"elementor-element elementor-element-864f2f0 e-flex e-con-boxed e-con e-parent\" data-id=\"864f2f0\" data-element_type=\"container\" data-e-type=\"container\">\n\t\t\t\t\t<div class=\"e-con-inner\">\n\t\t\t\t<div class=\"elementor-element elementor-element-b8e4862 elementor-widget elementor-widget-text-editor\" data-id=\"b8e4862\" data-element_type=\"widget\" data-e-type=\"widget\" data-widget_type=\"text-editor.default\">\n\t\t\t\t<div class=\"elementor-widget-container\">\n\t\t\t\t\t\t\t\t\t<p>Du hast keine Nachsorge-Hebamme gefunden, m\u00f6chtest aber trotzdem vor und nach der Geburt deines Babys fachlich kompetent und einf\u00fchlsam betreut werden?<\/p>\n<p data-start=\"134\" data-end=\"371\">Die Zeit in der Schwangerschaft und nach der Geburt ist eine ganz besondere \u2013 voller Vor-Freude, neuer Erfahrungen und manchmal auch Unsicherheiten. Als Kinderkrankenschwester begleite ich dich und deine Familie in dieser sensiblen Phase mit Fachwissen, Ruhe und Herz.<\/p>\n<p data-start=\"373\" data-end=\"654\">Ich unterst\u00fctze dich auf Wunsch bereits w\u00e4hrend deiner Schwangerschaft und nach der Geburt im Umgang mit deinem Neugeborenen, beantworte deine Fragen rund um dein Baby und gebe dir Sicherheit im Alltag. Dabei ist mir besonders wichtig, auf deine individuellen Bed\u00fcrfnisse einzugehen und dich in deinem eigenen Tempo zu st\u00e4rken. Gemeinsam schaffen wir eine vertrauensvolle Atmosph\u00e4re, in der du dich wohlf\u00fchlen und ankommen kannst.<\/p>\n<p data-start=\"880\" data-end=\"1037\">Mein Ziel ist es, dich zu entlasten, dein Vertrauen in deine eigene Intuition zu st\u00e4rken und dir einen liebevollen Start in das Familienleben zu erm\u00f6glichen.<\/p>\n<p>Das Angebot umfasst unter anderem die Kontrolle der Gewichtszunahme und der k\u00f6rperlichen Entwicklung eures Babys, Still- und Ern\u00e4hrungsberatung, gesunder Babyschlaf, Bindungsaufbau, Baby-Handling und -Pflege uvm.<\/p>\n<p>Bei Fragen komme gerne direkt auf mich zu.<\/p>\t\t\t\t\t\t\t\t<\/div>\n\t\t\t\t<\/div>\n\t\t\t\t\t<\/div>\n\t\t\t\t<\/div>\n\t\t<div class=\"elementor-element elementor-element-952e82a e-flex e-con-boxed e-con e-parent\" data-id=\"952e82a\" data-element_type=\"container\" data-e-type=\"container\">\n\t\t\t\t\t<div class=\"e-con-inner\">\n\t\t\t\t<div class=\"elementor-element elementor-element-56976b1 elementor-widget elementor-widget-image\" data-id=\"56976b1\" data-element_type=\"widget\" data-e-type=\"widget\" data-widget_type=\"image.default\">\n\t\t\t\t<div class=\"elementor-widget-container\">\n\t\t\t\t\t\t\t\t\t\t\t\t\t\t\t<img fetchpriority=\"high\" decoding=\"async\" width=\"640\" height=\"427\" src=\"https:\/\/im-einklang-erding.de\/wp-content\/uploads\/2023\/11\/infant-2717347_640.jpg\" class=\"attachment-large size-large wp-image-550\" alt=\"\" srcset=\"https:\/\/im-einklang-erding.de\/wp-content\/uploads\/2023\/11\/infant-2717347_640.jpg 640w, https:\/\/im-einklang-erding.de\/wp-content\/uploads\/2023\/11\/infant-2717347_640-300x200.jpg 300w\" sizes=\"(max-width: 640px) 100vw, 640px\" \/>\t\t\t\t\t\t\t\t\t\t\t\t\t\t\t<\/div>\n\t\t\t\t<\/div>\n\t\t\t\t\t<\/div>\n\t\t\t\t<\/div>\n\t\t\t\t<\/div>\n\t\t","protected":false},"excerpt":{"rendered":"<p>Schwangerschaft und Wochenbett mit Baby im Einklang Du hast keine Nachsorge-Hebamme gefunden, m\u00f6chtest aber trotzdem vor und nach der Geburt deines Babys fachlich kompetent und einf\u00fchlsam betreut werden? Die Zeit in der Schwangerschaft und nach der Geburt ist eine ganz besondere \u2013 voller Vor-Freude, neuer Erfahrungen und manchmal auch Unsicherheiten. Als Kinderkrankenschwester begleite ich dich [&hellip;]<\/p>\n","protected":false},"author":1,"featured_media":0,"parent":0,"menu_order":4,"comment_status":"closed","ping_status":"closed","template":"","meta":{"footnotes":""},"class_list":["post-214","page","type-page","status-publish","hentry"],"_links":{"self":[{"href":"https:\/\/im-einklang-erding.de\/index.php?rest_route=\/wp\/v2\/pages\/214","targetHints":{"allow":["GET"]}}],"collection":[{"href":"https:\/\/im-einklang-erding.de\/index.php?rest_route=\/wp\/v2\/pages"}],"about":[{"href":"https:\/\/im-einklang-erding.de\/index.php?rest_route=\/wp\/v2\/types\/page"}],"author":[{"embeddable":true,"href":"https:\/\/im-einklang-erding.de\/index.php?rest_route=\/wp\/v2\/users\/1"}],"replies":[{"embeddable":true,"href":"https:\/\/im-einklang-erding.de\/index.php?rest_route=%2Fwp%2Fv2%2Fcomments&post=214"}],"version-history":[{"count":38,"href":"https:\/\/im-einklang-erding.de\/index.php?rest_route=\/wp\/v2\/pages\/214\/revisions"}],"predecessor-version":[{"id":1769,"href":"https:\/\/im-einklang-erding.de\/index.php?rest_route=\/wp\/v2\/pages\/214\/revisions\/1769"}],"wp:attachment":[{"href":"https:\/\/im-einklang-erding.de\/index.php?rest_route=%2Fwp%2Fv2%2Fmedia&parent=214"}],"curies":[{"name":"wp","href":"https:\/\/api.w.org\/{rel}","templated":true}]}}